*3/3 + p**2/2 + 32*p. Suppose -3*m = -3*b - 9, 5*b + 5*m - 34 - 1 = 0. Calculate c(b).
1
Let i(t) = t**2 + 1 + t - 16 + 13*t. Let b be i(-15). Let r(j) = 0*j - j - j**2 + b*j**2 + 2*j**3 + 0*j**2. Give r(-1).
-2
Suppose 2*k = 5*c - 9, 4*c - 4 - 6 = 3*k. Suppose -3*v + 4 = c. Let p(f) = 4*f**2 - 3*f**2 + v - 5*f + 1. Calculate p(2).
-4
Let g(p) = p + 1. Let x = 6 + 19. Let z be 3 - ((-70)/x + 2/(-10)). What is g(z)?
7
Let t = 0 + -2. Let f be (t/5)/((-1)/5). Let x(c) = 8*c + c**2 - 8*c + 1. Determine x(f).
5
Let a(z) = 3*z**3 + z - 1. Let b be a(1). Suppose -c = b*c. Let n(s) = c + 1 - s - 1. What is n(7)?
-7
Let v(u) = u + 33. Let w be v(-8). Suppose -5*h = -3*y, 0 = 3*h + 3*y - w + 1. Let t(c) = -2*c**2 + 3*c + 2. What is t(h)?
-7
Let p(t) = 10 - 4 - t + 0*t. Let y = 38 - 35. Suppose c - 5*c - y*f = 0, -c - 3*f - 9 = 0. Determine p(c).
3
Let g(w) = w + 1. Let h(k) = -k**3 + 3*k**2 + 2*k + 4. Let b(l) = -l**2 + 11*l + 4. Let n be b(11). Let q be h(n). Calculate g(q).
-3
Suppose -3*a - 3*q + 6*q - 9 = 0, -3 = -5*a - 4*q. Let f(y) = 18*y**3 - 2*y**2 - 2*y - 1. Determine f(a).
-19
Let g(h) = 6*h**2 - 10*h**2 + 6*h + 3*h**2. Suppose 0 = 2*b + 2 - 12. Give g(b).
5
Let t(f) be the first derivative of -f**4/4 - 2*f**3/3 + f**2 + 2*f + 28. Give t(-3).
5
Let g(v) = 3*v**2 + 13*v - 32. Let x be g(-6). Let a(w) = -w**3 - 2*w**2 - 1. What is a(x)?
-1
Suppose -15 = 2*c - 5*w, 4*c + 24 = 5*w - w. Let p = -116 + 121. Let i(m) = 6*m**2 + 4*m**3 - 7 - 6*m**3 + p*m + 3*m**3. Give i(c).
-7
Let i be ((-18)/63 - -4) + 4/14. Let o(n) = 3*n**2 - 3*n - 3. Determine o(i).
33
Let p(w) = 2*w + 49. Let r be p(-20). Let j(c) = -1 + c - r*c + 9*c + c. Let q = -3 + 4. Calculate j(q).
1
Let j(q) = 62 - 41 - 11*q**2 - 14 + 17*q. Let w(g) = -5*g**2 + 8*g + 3. Let u be 2/8 - (-35)/4. Let n(v) = u*w(v) - 4*j(v). Give n(3).
2
Suppose 3*d - 2*y = -43, 4*d - 4*y - 9 + 69 = 0. Let h(g) = -2*g + 4*g - 3*g + 24 - 42. Give h(d).
-5
Let p(o) = o + 7. Suppose -2*r = x + 7 + 4, 9 = -3*r - 4*x. Calculate p(r).
0
Let d(r) = -r**3 - 5*r**2 + 5*r + 4. Let m(l) = 7*l**3 - l. Suppose -5*g = 2*z + 17, -2*z + 3*g + 8 = -z. Let b be m(z). Determine d(b).
10
Let r(j) = -19*j**2 + 38*j**2 + 3*j - 25*j**2 + j**3. What is r(5)?
-10
Let h = 43 - 68. Let t = h + 25. Let s(o) = -o**2 + 5. Determine s(t).
5
Let c = 75 - 77. Let t(o) = -9*o. Suppose m - 42 = -m. Let u(v) = -2*v. Let z(n) = m*u(n) - 5*t(n). Determine z(c).
-6
Let o(t) = t**3 + 13*t**2 + 8*t - 53. Let h be o(-12). Let b(x) = -x**2 - 7*x. Give b(h).
10
Suppose 4*o + 40 = -4*i + 9*i, -o - 10 = 3*i. Let j(t) = t**2 + 10*t - 2. Let q be j(o). Let y be q*(-12)/8 + -2. Let s(w) = -9*w**2 + w - 1. Determine s(y).
-9
Let g(w) = 3*w**2 + w - 6. Let l(y) = y**2 + y. Let j(k) = g(k) - 2*l(k). Let r = -27 - -28. Let t = -1 + r. Determine j(t).
-6
Suppose 0 = 2*h + 113 - 117. Let i(b) = 3*b**3 + 3*b**2 - 7*b + 6. Let k(r) = -13*r**3 - 12*r**2 + 29*r - 24. Let l(p) = h*k(p) + 9*i(p). What is l(-5)?
-19
Let o(d) = 3*d**3 - 5*d**2 + 2. Suppose 5*m - 54*u = -50*u - 2, -4*u = m - 14. Give o(m).
6
Let k(m) = -m**2 + 6*m - 15. Let y be (0/(-4))/((-7)/(35/(-10))). Determine k(y).
-15
Suppose -13 = -u - 5*z, 3*u = u - 4*z + 14. Let k(j) = 29*j - 8*j**2 - 30*j - 16*j**u + 10*j**2. Calculate k(1).
-15
Let g(y) be the first derivative of -2 - y**2 - 5/3*y**3 - y. Let w be (4 + -8 - 2) + 5. Determine g(w).
-4
Let l be 8/3 - (-6)/(-9). Let x(m) = 3*m**l - 5 - m**2 - 4*m - m**2. Calculate x(4).
-5
Let l(o) = -o**2 - 6*o + 8. Let q(x) = -x**3 + 12*x**2 + 16*x - 20. Let n be q(13). Suppose 2*w = 3*f + 3, -w + f = 3*w + n. Calculate l(w).
8
Let i = -22 - -25. Let q(z) = -93 - 2*z - 3*z - z**i + 6*z**2 + 90. What is q(5)?
-3
Let q(b) = 6*b**3. Let s = 1124 + -1125. What is q(s)?
-6
Suppose 6*f - 2*f = 32. Suppose 4*y - 3*k - f = 0, -y - 10 = -3*k - 3. Let x(o) = o**3 - 5*o**2 - 2*o + 3. Determine x(y).
-7
Let a(j) = j - 2. Suppose 0 = -5*n + 2*d + 13, n + 0*d = 3*d. Let b be n*(-3 + 2 + -1). Let i = b + 6. Give a(i).
-2
Let a(f) be the third derivative of f**4/6 + f**3/6 + 303*f**2. Give a(2).
9
Let l be (-32)/(-48) - 8/(-6). Let y(t) = 0*t**2 + 9*t**2 - 17*t**l + 9*t**2. Determine y(3).
9
Suppose 6*q + 12 = -0. Let h be q/7 + (-120)/70. Let b(u) = -2*u**2 - u. What is b(h)?
-6
Let s(d) = d**2 - 6*d - 6. Let p(q) = q**3 + 4*q**2 - 2. Let l be p(-2). Let o be 2/(l*-2)*-6. Suppose -c + o = -5. Give s(c).
-6
Let d(s) = -s**3 - 5*s**2 - 1. Suppose -16*q = -14*q - 6. Suppose u - 4*l = -0*l, 0 = q*l - 6. Let m = u + -13. Give d(m).
-1
Let t be 0/(-2)*1 + -5. Suppose 0 = -5*h + 2*h + 3. Let n(s) = s**3 + 12*s**2 + 6*s - 4. Let g(r) = r**2. Let w(v) = h*n(v) - 6*g(v). What is w(t)?
-9
Let q(t) = 6*t + 36. Let p be q(-6). Let h(n) be the second derivative of -n**3/6 + 5*n**2/2 + 2*n. Calculate h(p).
5
Let t(c) = 11*c - 4. Let h be t(0). Let w(p) = -p**2 - 5*p + 7. Determine w(h).
11
Let l(x) = -x**3 + 3*x**2 - 1. Let i(g) = g**2. Let f(u) = 4*i(u) - l(u). Let v(b) = -4*b**3 + 2*b - 8. Let h(j) = 3*f(j) + v(j). What is h(4)?
-13
Let g(d) = -d**2 + 2*d**3 + 3*d + 10*d**3 - 2*d - d**2. Let b = 1 + -1. Let v be 2/(1 + b + 1). Calculate g(v).
11
Let l(n) = 14 - 20 - 4*n + 6. Let z(o) = -2*o + 25. Let c be z(11). Calculate l(c).
-12
Suppose 4*n + 30 = -4*b + 2*n, -4*n + 20 = -2*b. Let w be (-4 - -4)*4/b. Let d(x) = x**3 - 6. Calculate d(w).
-6
Let a(h) = 4*h + 2. Let g(z) = -27*z + 49. Let d(j) = 6*a(j) + g(j). Determine d(17).
10
Let u(m) = 2*m - 6. Let i be (-6)/5*-5*1. Let o(c) = -3*c**2 - 2*c**3 + 3*c**3 - 4*c**2 + 7*c. Let v be o(i). Determine u(v).
6
Suppose -2*y = 1 + 3. Let a be (4/4)/(y/4). Let g(t) = -t - 3. Calculate g(a).
-1
Suppose -29 - 103 = 6*g. Let f = 24 + g. Let q(h) = 1 + 14*h**3 + 6*h**2 - f - 13*h**3. What is q(-6)?
-1
Let x(z) be the third derivative of z**4/4 + 3*z**2 - 16. Determine x(4).
24
Let i = 25 - 31. Let s(h) = 4*h + 14. What is s(i)?
-10
Suppose -130 + 106 = -6*z. Let l(s) = s**3 - 5*s**2 - 1. What is l(z)?
-17
Let y(r) = 4 - 1 - r - 5 + 0*r. Let u(c) = 18*c - 92. Let z be u(5). Determine y(z).
0
Let m(f) be the second derivative of f**5/20 - 5*f**4/12 - f**3 + 5*f**2/2 + f. Suppose 10 = 11*w - 23. Suppose w + 3 = p + 3*i, 6 = p - 5*i. Determine m(p).
5
Let j(q) = -5*q**3 + 45*q**2 + 16*q - 31. Let f(h) = 3*h**3 - 24*h**2 - 8*h + 16. Let i(s) = -7*f(s) - 4*j(s). What is i(-11)?
-21
Suppose 244*s = 234*s. Let v(i) = 3*i - 1. What is v(s)?
-1
Let q(j) = j**2 + 6*j - 9. Let l = -489 + 482. Calculate q(l).
-2
Let k = 0 - -3. Suppose 4*b + k*a - 72 = -1, 0 = 5*b - 5*a - 80. Suppose 0 = -2*s - b + 15. Let v(d) = 4*d**3 + d**2 + d. Give v(s).
-4
Suppose 5 = s - 3*j, s + 1 = -5*j + 2*j. Let w(b) = b + 4. What is w(s)?
6
Let u(k) = 2042094 - k - 2042094. Determine u(5).
-5
Let b(h) = h**3 - 3*h**2 + h. Let t(j) = 13 - j + 2*j + 9. Let w be t(-8). Let q(z) = -z**3 + 14*z**2 + z - 12. Let i be q(w). What is b(i)?
-2
Let g(t) be the first derivative of -t**6/360 + t**4/6 - 46*t**3/3 - t**2/2 - 6. Let l(q) be the third derivative of g(q). Calculate l(-3).
-5
Let h(g) = 4*g**2 + 15*g - 28. Let z(w) = -w**2 - 4*w + 7. Let a(x) = 2*h(x) + 9*z(x). Let l = 879 + -885. Calculate a(l).
7
Let z(t) = -t**2 + t. Let y = 44 - 34. Suppose 0 = -4*u - y - 6. Calculate z(u).
-20
Let s(o) = 15 + 6*o - 7 - 30 - 29. Let n be s(9). Let b(y) = 2*y**3 - 4*y**2 + 4*y - 4. Calculate b(n).
26
Let h = -53 + 81. Let k(d) = -d**3 - d - 31 + h - 5*d**2 - 4*d. Give k(-4).
1
Let z(g) = -14*g - 14. Let o(k) = -6*k - 7. Let l(c) = -9*o(c) + 4*z(c). What is l(5)?
-3
Let o(u) = 2*u - 4. Let j be 2 - (-3 + -1 + 3). Let f be o(j). Let l(w) = w**3 - 3*w**2 - 2. Calculate l(f).
-6
Let w be (-18)/(-10)*(-250)/75. Let b(t) = t. Let u(m) = -2*m - 2. Let k(j) = -b(j) - u(j). What is k(w)?
-4
Let v(s) = -12*s**2 - 10 + 25*s + 14*s**2 + s**2. Let j(b) = b**2 + 8*b - 3. Let g(z) = 7*j(z) - 2*v(z). What is g(-6)?
-1
Let h(x) be the first derivative of 4*x**2 + x + 1. Let v = -44 - -46. Suppose 2*n - n - v*i = 3, -2*i = 3*n - 1. Calculate h(n).
9
Let f(i) = -5*i - 6. Let l(w) = -4*w - 6. Let a(s) = 5*f(s) - 6*l(s). Let h be a(6). Let g(q) = -6*q + h*q - q + 3*q. Give g(-1).
4
Let j(y) be the second derivative of y**3/2 + y**2/2 - 3*y. Suppose 0 = -6*t + 26*t - 40. What is j(t)?
7
Let x(n) = -n**2 + n. Let i(